, 79
List the prime factors of 704.
2, 11
What are the prime factors of 801?
3, 89
List the prime factors of 8344.
2, 7, 149
List the prime factors of 37432.
2, 4679
List the prime factors of 5147.
5147
What are the prime factors of 4934?
2, 2467
What are the prime factors of 745?
5, 149
What are the prime factors of 7132?
2, 1783
List the prime factors of 1228.
2, 307
List the prime factors of 1099.
7, 157
List the prime factors of 1039.
1039
What are the prime factors of 1084?
2, 271
What are the prime factors of 7170?
2, 3, 5, 239
List the prime factors of 1455.
3, 5, 97
What are the prime factors of 1059?
3, 353
List the prime factors of 41526.
2, 3, 769
What are the prime factors of 52587?
3, 5843
List the prime factors of 775.
5, 31
What are the prime factors of 3004?
2, 751
What are the prime factors of 294?
2, 3, 7
List the prime factors of 11193.
3, 7, 13, 41
What are the prime factors of 45981?
3, 13, 131
What are the prime factors of 26597?
26597
What are the prime factors of 35664?
2, 3, 743
List the prime factors of 3701.
3701
List the prime factors of 1060.
2, 5, 53
What are the prime factors of 2322?
2, 3, 43
List the prime factors of 10519.
67, 157
List the prime factors of 21323.
21323
What are the prime factors of 13524?
2, 3, 7, 23
List the prime factors of 18437.
103, 179
List the prime factors of 13775.
5, 19, 29
What are the prime factors of 131?
131
What are the prime factors of 2210?
2, 5, 13, 17
What are the prime factors of 47467?
7, 6781
List the prime factors of 9061.
13, 17, 41
List the prime factors of 44770.
2, 5, 11, 37
What are the prime factors of 29873?
29873
What are the prime factors of 14278?
2, 11, 59
List the prime factors of 13646.
2, 6823
List the prime factors of 1175.
5, 47
What are the prime factors of 2275?
5, 7, 13
What are the prime factors of 5696?
2, 89
List the prime factors of 11273.
11273
What are the prime factors of 30093?
3, 7, 1433
What are the prime factors of 27223?
7, 3889
List the prime factors of 4554.
2, 3, 11, 23
What are the prime factors of 213?
3, 71
List the prime factors of 2695.
5, 7, 11
What are the prime factors of 3005?
5, 601
List the prime factors of 1893.
3, 631
What are the prime factors of 8546?
2, 4273
List the prime factors of 12761.
7, 1823
What are the prime factors of 8308?
2, 31, 67
What are the prime factors of 373?
373
What are the prime factors of 54750?
2, 3, 5, 73
List the prime factors of 9823.
11, 19, 47
What are the prime factors of 1345?
5, 269
What are the prime factors of 14425?
5, 577
List the prime factors of 78418.
2, 39209
List the prime factors of 54268.
2, 13567
What are the prime factors of 1128?
2, 3, 47
List the prime factors of 346.
2, 173
List the prime factors of 49703.
23, 2161
What are the prime factors of 1311?
3, 19, 23
What are the prime factors of 3417?
3, 17, 67
List the prime factors of 160593.
3, 199, 269
What are the prime factors of 7424?
2, 29
List the prime factors of 42677.
42677
List the prime factors of 13381.
13381
List the prime factors of 1835.
5, 367
What are the prime factors of 21878?
2, 10939
List the prime factors of 2680.
2, 5, 67
What are the prime factors of 905?
5, 181
List the prime factors of 154335.
3, 5, 10289
List the prime factors of 10083.
3, 3361
What are the prime factors of 59234?
2, 7, 4231
What are the prime factors of 41177?
41177
What are the prime factors of 1953?
3, 7, 31
What are the prime factors of 4109?
7, 587
What are the prime factors of 2005?
5, 401
List the prime factors of 73164.
2, 3, 7, 13, 67
List the prime factors of 1473.
3, 491
What are the prime factors of 678?
2, 3, 113
What are the prime factors of 484?
2, 11
List the prime factors of 53596.
2, 13399
What are the prime factors of 6003?
3, 23, 29
What are the prime factors of 2740?
2, 5, 137
What are the prime factors of 36237?
3, 47, 257
What are the prime factors of 649?
11, 59
What are the prime factors of 13957?
17, 821
What are the prime factors of 806?
2, 13, 31
What are the prime factors of 3204?
2, 3, 89
What are the prime factors of 310?
2, 5, 31
What are the prime factors of 488?
2, 61
List the prime factors of 7145.
5, 1429
List the prime factors of 8255.
5, 13, 127
List the prime factors of 5374.
2, 2687
What are the prime factors of 8952?
2, 3, 373
List the prime factors of 3693.
3, 1231
List the prime factors of 2362.
2, 1181
List the prime factors of 7605.
3, 5, 13
List the prime factors of 33762.
2, 3, 17, 331
List the prime factors of 49417.
49417
List the prime factors of 8886.
2, 3, 1481
List the prime factors of 12461.
17, 733
What are the prime factors of 48411?
3, 11, 163
List the prime factors of 45443.
29, 1567
List the prime factors of 209.
11, 19
What are the prime factors of 42978?
2, 3, 13, 19, 29
List the prime factors of 351.
3, 13
What are the prime factors of 1937?
13, 149
List the prime factors of 81651.
3, 17, 1601
What are the prime factors of 1539?
3, 19
List the prime factors of 2905.
5, 7, 83
What are the prime factors of 52044?
2, 3, 4337
List the prime factors of 4379.
29, 151
List the prime factors of 779.
19, 41
List the prime factors of 166629.
3, 67, 829
What are the prime factors of 14059?
17, 827
What are the prime factors of 42323?
42323
What are the prime factors of 215?
5, 43
What are the prime factors of 4901?
13, 29
List the prime factors of 3968.
2, 31
List the prime factors of 12125.
5, 97
What are the prime factors of 10657?
10657
What are the prime factors of 6606?
2, 3, 367
What are the prime factors of 26158?
2, 11, 29, 41
List the prime factors of 860.
2, 5, 43
List the prime factors of 54360.
2, 3, 5, 151
What are the prime factors of 37899?
3, 4211
What are the prime factors of 1646?
2, 823
List the prime factors of 164681.
11, 1361
List the prime factors of 23297.
23297
List the prime factors of 2198.
2, 7, 157
List the prime factors of 3008.
2, 47
What are the prime factors of 4589?
13, 353
What are the prime factors of 1908?
2, 3, 53
List the prime factors of 936.
2, 3, 13
List the prime factors of 581.
7, 83
What are the prime factors of 595?
5, 7, 17
List the prime factors of 1018.
2, 509
What are the prime factors of 16102?
2, 83, 97
What are the prime factors of 4008?
2, 3, 167
List the prime factors of 680.
2, 5, 17
List the prime factors of 23945.
5, 4789
What are the prime factors of 1299?
3, 433
List the prime factors of 416.
2, 13
What are the prime factors of 14673?
3, 67, 73
What are the prime factors of 814?
2, 11, 37
What are the prime factors of 1712?
2, 107
What are the prime factors of 2103?
3, 701
What are the prime factors of 12388?
2, 19, 163
List the prime factors of 315.
3, 5, 7
What are the prime factors of 1646?
2, 823
List the prime factors of 7055.
5, 17, 83
What are the prime factors of 1829?
31, 59
List the prime factors of 914.
2, 457
List the prime factors of 5588.
2, 11, 127
List the prime factors of 2432.
2, 19
List the prime factors of 14897.
14897
What are the prime factors of 122552?
2, 15319
What are the prime factors of 1632?
2, 3, 17
List the prime factors of 4139.
4139
List the prime factors of 39785.
5, 73, 109
List the prime factors of 588.
2, 3, 7
List the prime factors of 88267.
61, 1447
List the prime factors of 7312.
2, 457
What are the prime factors of 1603?
7, 229
List the prime factors of 1079.
13, 83
List the prime factors of 9626.
2, 4813
List the prime factors of 3557.
3557
List the prime factors of 2105.
5, 421
List the prime factors of 14906.
2, 29, 257
List the prime factors of 58284.
2, 3, 1619
What are the prime factors of 27327?
3, 9109
What are the prime factors of 21494?
2, 11, 977
List the prime factors of 1301.
1301
What are the prime factors of 8061?
3, 2687
List the prime factors of 65235.
3, 5, 4349
What are the prime factors of 187632?
2, 3, 1303
What are the prime factors of 715?
5, 11, 13
What are the prime factors of 147352?
2, 113, 163
List the prime factors of 144477.
3, 5351
What are the prime factors of 2394?
2, 3, 7, 19
What are the prime factors of 43676?
2, 61, 179
What are the prime factors of 768?
2, 3
What are the prime factors of 154?
2, 7, 11
List the prime factors of 24.
2, 3
List the prime factors of 3341.
13, 257
List the prime factors of 884.
2, 13, 17
List the prime factors of 26